0
In base 13, what is -3bb + 78?
-343
In base 5, what is 21441301 - 4?
21441242
In base 3, what is 102 + -21121?
-21012
In base 11, what is 496028 - 4?
496024
In base 11, what is -243997 + -2?
-243999
In base 8, what is 2 - 520700?
-520676
In base 9, what is -8 + 8406?
8387
In base 16, what is -2 + 2bbb?
2bb9
In base 6, what is 411231 + 5?
411240
In base 16, what is 339c3 - -1d?
339e0
In base 6, what is 5 + 31243?
31252
In base 11, what is 5 - -1361aa?
136204
In base 2, what is -10 + 1110101010011?
1110101010001
In base 15, what is 2 + -85969?
-85967
In base 7, what is 25042 - -16?
25061
In base 11, what is -50 + 238a6?
23856
In base 10, what is -3 + -90497?
-90500
In base 3, what is 1 - -2012021200?
2012021201
In base 3, what is 1021210 - 1?
1021202
In base 2, what is 100100 - 100010011011?
-100001110111
In base 2, what is 110101 + -11010111000010?
-11010110001101
In base 4, what is 111130223 - 2?
111130221
In base 3, what is -210 + 12210100?
12202120
In base 3, what is 1002210 - 21?
1002112
In base 10, what is -1773 + -702?
-2475
In base 9, what is 1312 + -271?
1031
In base 6, what is -1051022 - -5?
-1051013
In base 12, what is -5 - -813?
80a
In base 3, what is 1211210 + -1100221?
110212
In base 15, what is 30 - -12?
42
In base 2, what is -11101110001 - 10101000?
-100000011001
In base 12, what is -12 - 21967?
-21979
In base 13, what is 4 + -47800?
-477c9
In base 7, what is 1 + 46525?
46526
In base 7, what is -5 - -2422435?
2422430
In base 9, what is -115 + -2758?
-2874
In base 7, what is 200 - 23?
144
In base 3, what is 11220 + 112101?
201021
In base 10, what is -3 + 3071?
3068
In base 8, what is 353 - 1126?
-553
In base 4, what is 3321220 - -3?
3321223
In base 4, what is 232 + 301211?
302103
In base 10, what is 2198 + -3?
2195
In base 4, what is -3333031001 + -1?
-3333031002
In base 3, what is -11202 - 1001102?
-1020011
In base 3, what is 11211 - -110222?
122210
In base 6, what is 50 - -22301?
22351
In base 3, what is 1 + -1220010002?
-1220010001
In base 11, what is 97 - -2a644?
2a730
In base 3, what is -1102211 - 112?
-1110100
In base 5, what is 113433411 + 22?
113433433
In base 5, what is -1000 + -4022?
-10022
In base 16, what is 321 + -94?
28d
In base 6, what is -33 + 34514?
34441
In base 14, what is 376 + 27?
39d
In base 8, what is 332 + -242?
70
In base 5, what is 1 + 2022124?
2022130
In base 10, what is -111 - -11440?
11329
In base 8, what is 2 - -112546?
112550
In base 3, what is -111011 + 21012?
-12222
In base 8, what is -216 + -2271?
-2507
In base 2, what is -111 + 10101011101?
10101010110
In base 2, what is 11 + -10101101001101?
-10101101001010
In base 10, what is 1593 + 260?
1853
In base 16, what is -1e5 + -6e?
-253
In base 9, what is 8381 + 10?
8401
In base 13, what is -11 + 54671?
54660
In base 6, what is -102124 + -141?
-102305
In base 16, what is -4 - -17939?
17935
In base 7, what is 321 + -1141?
-520
In base 12, what is -7 - 2757?
-2762
In base 5, what is 44 + -1433030?
-1432431
In base 7, what is 221 + -4132?
-3611
In base 10, what is -401195 + 19?
-401176
In base 8, what is -14 - -3130?
3114
In base 6, what is -34300240 + 4?
-34300232
In base 4, what is -133 - 1132332?
-1133131
In base 11, what is -85182 + -4?
-85186
In base 15, what is -1 - 2cca?
-2ccb
In base 14, what is ba8b0 - 6?
ba8a8
In base 15, what is 1dea + 3b?
1e36
In base 10, what is -677 + 148?
-529
In base 6, what is -34 + 22030?
21552
In base 14, what is c64b + -20?
c62b
In base 9, what is -350 - -160?
-180
In base 8, what is -2176 - 1505?
-3703
In base 2, what is 10011001 + -10100?
10000101
In base 8, what is 7 - -323106?
323115
In base 7, what is 5 - -630306?
630314
In base 3, what is 2 - -1021021002?
1021021011
In base 16, what is 3 - 3ccde?
-3ccdb
In base 2, what is 1101 - 100100010010111?
-100100010001010
In base 9, what is -8 + 1046067?
1046058
In base 2, what is -10 - -11000010101101011?
11000010101101001
In base 14, what is 0 - 1845?
-1845
In base 5, what is -41211 + -12?
-41223
In base 7, what is -5 - -46623?
46615
In base 15, what is 180 - -34ed?
367d
In base 6, what is 11 + -313241?
-313230
In base 5, what is 20340 - 2004?
13331
In base 12, what is 2b04 - -56?
2b5a
In base 13, what is -2 + -1a92a?
-1a92c
In base 8, what is 145 + -1240?
-1073
In base 3, what is 20122011111 + 1100?
20122012211
In base 8, what is -1016 - 141?
-1157
In base 14, what is -253001 + 1?
-253000
In base 7, what is -100 - 2156?
-2256
In base 15, what is 2 + 6a33?
6a35
In base 8, what is 2255 - 355?
1700
In base 8, what is -27 + -2636?
-2665
In base 12, what is 83b5 + 12?
8407
In base 8, what is -3043 - 12367?
-15432
In base 4, what is 11 - -331003?
331020
In base 11, what is 4 - -49751?
49755
In base 9, what is -38 - 416?
-455
In base 9, what is 7 + -4583?
-4575
In base 16, what is -7 - -252b?
2524
In base 10, what is 1 - 12663?
-12662
In base 11, what is -13 + -376a7?
-3770a
In base 2, what is 110101000 - 10101111100?
-1111010100
In base 15, what is 7c + 2aa9?
2b36
In base 9, what is 3 - -4608?
4612
In base 3, what is 2012021 + 101?
2012122
In base 16, what is df678 + 5?
df67d
In base 11, what is 43 + 171?
204
In base 9, what is -11248 - -3?
-11245
In base 14, what is -31ab - 2?
-31ad
In base 14, what is -4d9 + 6d3?
1d8
In base 2, what is -10110 + 11010001111?
11001111001
In base 5, what is -221201230 - -4?
-221201221
In base 11, what is 10 + 3125?
3135
In base 3, what is -1 - 221220020?
-221220021
In base 12, what is -b6100 + -6?
-b6106
In base 14, what is 41707b + 2?
41707d
In base 11, what is -9a45 + 45?
-9a00
In base 6, what is 5 + 2540505?
2540514
In base 2, what is -1011 + -11111010110100?
-11111010111111
In base 5, what is -124 - 100012?
-100141
In base 9, what is -57718 - -30?
-57678
In base 4, what is 11132313 + -3?
11132310
In base 3, what is 2 - -110222022?
110222101
In base 9, what is 625 + -641?
-15
In base 4, what is 1213033032 - 13?
1213033013
In base 5, what is 13 - 432330?
-432312
In base 9, what is 72865 + -2?
72863
In base 12, what is 375199 + 1?
37519a
In base 5, what is -1 - 11020113?
-11020114
In base 4, what is -11 + 23331?
23320
In base 10, what is -33 + 7054?
7021
In base 14, what is 39 + -63b6?
-637b
In base 2, what is 10001 + -10000010101111?
-10000010011110
In base 5, what is -1 + -244200243?
-244200244
In base 11, what is 10a + 116?
225
In base 8, what is 447 + 3551?
4220
In base 2, what is -10111 - 10000100111?
-10000111110
In base 5, what is 0 - 12421332?
-12421332
In base 4, what is 12 - 11322011?
-11321333
In base 5, what is 144 + 42202?
42401
In base 4, what is -2313310002 + -10?
-2313310012
In base 14, what is 1a7a82 + -4?
1a7a7c
In base 13, what is 2b4a - -6?
2b53
In base 15, what is -26 + -3920?
-3946
In base 11, what is 2 - 63515?
-63513
In base 8, what is -2 - -314552?
314550
In base 13, what is 1b3 + 2bb?
4a1
In base 4, what is -12 + 1002212230?
1002212212
In base 15, what is db30 + -34?
daeb
In base 4, what is -131132 - 23?
-131221
In base 13, what is 14 + 84a85?
84a99
In base 3, what is 12 + 12202011021?
12202011110
In base 7, what is -3134 + -5345?
-11512
In base 4, what is 1132320313 + 2?
1132320321
In base 13, what is -3a6 + -418?
-7c1
In base 12, what is 3 - 1aaa8?
-1aaa5
In base 15, what is 4 + 52ac0?
52ac4
In base 3, what is -22102010121 + -10?
-22102010201
In base 5, what is -1141 + 131401?
130210
In base 7, what is 2 - 604501?
-604466
In base 3, what is 11112 + 12002?
100121
In base 16, what is -647b + 5?
-6476
In base 11, what is -5 - 9a20?
-9a25
In base 15, what is b + 7d35?
7d41
In base 15, what is -2 - -107a2?
107a0
In base 12, what is -41 + -4b31?
-4b72
In base 16, what is 0 - ed6d4?
-ed6d4
In base 9, what is 2 - 3503633?
-3503631
In base 8, what is -212622 + -2?
-212624
In base 5, what is -4243 + 21303?
12010
In base 16, what is -28d + -8a?
-317
In base 3, what is 201010202012 - 0?
201010202012
In base 13, what is 4 + 5022?
5026
In base 11, what is -583 - -458?
-126
In base 16, what is 0 + -52d6?
-52d6
In base 16, what is 8092 + -5?
808d
In base 15, what is -2 - ca96?
-ca98
In base 11, what is 5993 + -14?
597a
In base 15, what is -7 - -24187?
24180
In base 13, what is -3 + -8382?
-8385
In base 7, what is -2 - -215114?
215112
In base 7, what is -1423504 - 0?
-1423504
In base 7, what is 4 + -2111016?
-2111012
In base